{"id":47,"date":"2025-06-18T10:15:29","date_gmt":"2025-06-18T08:15:29","guid":{"rendered":"https:\/\/www.lescircaciers.com\/?page_id=47"},"modified":"2025-06-18T10:15:29","modified_gmt":"2025-06-18T08:15:29","slug":"activites","status":"publish","type":"page","link":"https:\/\/www.lescircaciers.com\/index.php\/activites\/","title":{"rendered":"ACTIVIT\u00c9S"},"content":{"rendered":"\n<p>Lieux de Cr\u00e9ation<\/p>\n\n\n\n<p>Cr\u00e9ation artistique m\u00e9tal<\/p>\n\n\n\n<p>\u00c9v\u00e9nements culturels<\/p>\n\n\n\n<p>Ateliers Artistiques P\u00e9dagogiques<\/p>\n\n\n\n<p>Actions Artistiques en Espace Public<\/p>\n\n\n\n<p><\/p>\n","protected":false},"excerpt":{"rendered":"<p>Lieux de Cr\u00e9ation Cr\u00e9ation artistique m\u00e9tal \u00c9v\u00e9nements culturels Ateliers Artistiques P\u00e9dagogiques Actions Artistiques en Espace Public<\/p>\n","protected":false},"author":1,"featured_media":0,"parent":0,"menu_order":0,"comment_status":"closed","ping_status":"closed","template":"","meta":{"footnotes":""},"class_list":["post-47","page","type-page","status-publish","hentry"],"_links":{"self":[{"href":"https:\/\/www.lescircaciers.com\/index.php\/wp-json\/wp\/v2\/pages\/47","targetHints":{"allow":["GET"]}}],"collection":[{"href":"https:\/\/www.lescircaciers.com\/index.php\/wp-json\/wp\/v2\/pages"}],"about":[{"href":"https:\/\/www.lescircaciers.com\/index.php\/wp-json\/wp\/v2\/types\/page"}],"author":[{"embeddable":true,"href":"https:\/\/www.lescircaciers.com\/index.php\/wp-json\/wp\/v2\/users\/1"}],"replies":[{"embeddable":true,"href":"https:\/\/www.lescircaciers.com\/index.php\/wp-json\/wp\/v2\/comments?post=47"}],"version-history":[{"count":1,"href":"https:\/\/www.lescircaciers.com\/index.php\/wp-json\/wp\/v2\/pages\/47\/revisions"}],"predecessor-version":[{"id":48,"href":"https:\/\/www.lescircaciers.com\/index.php\/wp-json\/wp\/v2\/pages\/47\/revisions\/48"}],"wp:attachment":[{"href":"https:\/\/www.lescircaciers.com\/index.php\/wp-json\/wp\/v2\/media?parent=47"}],"curies":[{"name":"wp","href":"https:\/\/api.w.org\/{rel}","templated":true}]}}