{"id":64,"date":"2025-06-18T11:06:35","date_gmt":"2025-06-18T09:06:35","guid":{"rendered":"https:\/\/www.lescircaciers.com\/?page_id=64"},"modified":"2025-07-01T11:18:44","modified_gmt":"2025-07-01T09:18:44","slug":"ateliers-dinitiation-aux-pratiques-creatives","status":"publish","type":"page","link":"https:\/\/www.lescircaciers.com\/index.php\/ateliers-dinitiation-aux-pratiques-creatives\/","title":{"rendered":"Ateliers d&#8217;initiation \u00e0 la cr\u00e9ation"},"content":{"rendered":"\n<p>Les Circaciers c&#8217;est une association en faveur de la cr\u00e9ation et diffusion des pratiques cr\u00e9atives, ancr\u00e9es dans les transitions (r\u00e9emploi, mati\u00e8res naturelles, low tech) avec un <strong>volet transmission<\/strong>. Plusieurs formats d\u00e9clinables permettent de s&#8217;adapter aux publics :<\/p>\n\n\n\n<p>ATELIERS ADULTES ~ JEUNES PUBLICS ~\u00c9TUDIANT\u00b7E\u00b7S ~ WORKSHOPS ~ D\u00c9MONSTRATIONS<\/p>\n\n\n\n<figure class=\"wp-block-image size-large\"><img loading=\"lazy\" decoding=\"async\" width=\"1024\" height=\"419\" src=\"http:\/\/www.lescircaciers.com\/wp-content\/uploads\/2025\/06\/Design-sans-titre-39-1024x419.jpg\" alt=\"\" class=\"wp-image-586\" srcset=\"https:\/\/www.lescircaciers.com\/wp-content\/uploads\/2025\/06\/Design-sans-titre-39-1024x419.jpg 1024w, https:\/\/www.lescircaciers.com\/wp-content\/uploads\/2025\/06\/Design-sans-titre-39-300x123.jpg 300w, https:\/\/www.lescircaciers.com\/wp-content\/uploads\/2025\/06\/Design-sans-titre-39-768x314.jpg 768w, https:\/\/www.lescircaciers.com\/wp-content\/uploads\/2025\/06\/Design-sans-titre-39-1536x628.jpg 1536w, https:\/\/www.lescircaciers.com\/wp-content\/uploads\/2025\/06\/Design-sans-titre-39-2048x838.jpg 2048w, https:\/\/www.lescircaciers.com\/wp-content\/uploads\/2025\/06\/Design-sans-titre-39-scaled-1600x655.jpg 1600w, https:\/\/www.lescircaciers.com\/wp-content\/uploads\/2025\/06\/Design-sans-titre-39-scaled-1200x491.jpg 1200w, https:\/\/www.lescircaciers.com\/wp-content\/uploads\/2025\/06\/Design-sans-titre-39-scaled-620x254.jpg 620w, https:\/\/www.lescircaciers.com\/wp-content\/uploads\/2025\/06\/Design-sans-titre-39-scaled-400x164.jpg 400w\" sizes=\"auto, (max-width: 1024px) 100vw, 1024px\" \/><\/figure>\n\n\n\n<div style=\"height:5px\" aria-hidden=\"true\" class=\"wp-block-spacer\"><\/div>\n\n\n\n<p>Les ateliers d&#8217;initiation permettent de <strong>faire circuler les savoirs <\/strong>et d&#8217;amener \u00e0 l&#8217;\u00e9mergence de nouvelles vocations. L&#8217;apprentissage par la manipulation des outils et la connaissance des propri\u00e9t\u00e9s des mat\u00e9riaux, permettent de sensibiliser au &#8220;fait main&#8221;, \u00e0 l&#8217;artisanat, au fait de <strong>r\u00e9aliser par soi-m\u00eame et dans une dynamique de groupe<\/strong>, de r\u00e9paration.<\/p>\n","protected":false},"excerpt":{"rendered":"<p>Les Circaciers c&#8217;est une association en faveur de la cr\u00e9ation et diffusion des pratiques cr\u00e9atives, ancr\u00e9es dans les transitions (r\u00e9emploi, mati\u00e8res naturelles, low tech) avec un volet transmission. Plusieurs formats d\u00e9clinables permettent de s&#8217;adapter aux publics : ATELIERS ADULTES ~ JEUNES PUBLICS ~\u00c9TUDIANT\u00b7E\u00b7S ~ WORKSHOPS ~ D\u00c9MONSTRATIONS Les ateliers d&#8217;initiation permettent de faire circuler les &hellip;<\/p>\n","protected":false},"author":1,"featured_media":0,"parent":0,"menu_order":0,"comment_status":"closed","ping_status":"closed","template":"","meta":{"footnotes":""},"class_list":["post-64","page","type-page","status-publish","hentry"],"_links":{"self":[{"href":"https:\/\/www.lescircaciers.com\/index.php\/wp-json\/wp\/v2\/pages\/64","targetHints":{"allow":["GET"]}}],"collection":[{"href":"https:\/\/www.lescircaciers.com\/index.php\/wp-json\/wp\/v2\/pages"}],"about":[{"href":"https:\/\/www.lescircaciers.com\/index.php\/wp-json\/wp\/v2\/types\/page"}],"author":[{"embeddable":true,"href":"https:\/\/www.lescircaciers.com\/index.php\/wp-json\/wp\/v2\/users\/1"}],"replies":[{"embeddable":true,"href":"https:\/\/www.lescircaciers.com\/index.php\/wp-json\/wp\/v2\/comments?post=64"}],"version-history":[{"count":9,"href":"https:\/\/www.lescircaciers.com\/index.php\/wp-json\/wp\/v2\/pages\/64\/revisions"}],"predecessor-version":[{"id":593,"href":"https:\/\/www.lescircaciers.com\/index.php\/wp-json\/wp\/v2\/pages\/64\/revisions\/593"}],"wp:attachment":[{"href":"https:\/\/www.lescircaciers.com\/index.php\/wp-json\/wp\/v2\/media?parent=64"}],"curies":[{"name":"wp","href":"https:\/\/api.w.org\/{rel}","templated":true}]}}